{"id":12,"date":"2026-02-17T19:16:02","date_gmt":"2026-02-17T19:16:02","guid":{"rendered":"https:\/\/diamondproperty.es\/?page_id=12"},"modified":"2026-02-17T19:56:39","modified_gmt":"2026-02-17T19:56:39","slug":"diamond-property","status":"publish","type":"page","link":"https:\/\/diamondproperty.es\/index.php\/diamond-property\/","title":{"rendered":"Invierte en YUCATAN"},"content":{"rendered":"\n<figure class=\"wp-block-image aligncenter\"><img decoding=\"async\" src=\"https:\/\/pepecabello.com\/wp-content\/uploads\/2025\/12\/yucatan-gana-como-la-mejor-secretaria-de-turismo-del-2022-1024x614.jpg\" alt=\"\" class=\"wp-image-1053\"\/><\/figure>\n\n\n\n<p><strong>YUCAT\u00c1N\u2026 UNA JOYA POR DESCRUBRIR<\/strong><\/p>\n\n\n\n<p>\u00bfTe imaginas haber estado preparado\/a a principios de los 2000 en Espa\u00f1a y saber c\u00f3mo iba a crecer el mercado inmobiliario en los siguientes a\u00f1os?<\/p>\n\n\n\n<p>Muchas personas aprovecharon aquel momento para duplicar o triplicar su dinero haciendo inversiones inmobiliarias.<\/p>\n\n\n\n<p>Si, es cierto\u2026 luego explot\u00f3 la famosa \u201cburbuja\u201d y muchos perdieron su dinero\u2026 PERO MUCHOS (m\u00e1s de los que imaginas) NO lo Perdieron\u2026 ganaron mucho dinero e incluso hoy en d\u00eda, siguen haciendo inversiones inmobiliarias\u2026 \u00bfD\u00f3nde? Esta es una buena pregunta\u2026 entre muchos ligares: En YUCAT\u00c1N (M\u00e9xico)<\/p>\n\n\n\n<p><strong>\u00bfPOR QU\u00c9 ES TAN BUENA LA UBICACI\u00d3N?<\/strong><\/p>\n\n\n\n<ul class=\"wp-block-list\">\n<li><strong>Conectividad total:<\/strong> a tan solo 1 hora del Aeropuerto Internacional de M\u00e9rida y 3 horas del Aeropuerto Internacional de Canc\u00fan, con vuelos directos a Espa\u00f1a y Estados Unidos<\/li>\n\n\n\n<li><strong>Crecimiento sostenido:<\/strong> Yucat\u00e1n lidera la llegada de inversi\u00f3n extranjera en el pa\u00eds y registra un <strong>incremento anual de valor inmobiliario del 10\u201312 %<\/strong><\/li>\n\n\n\n<li><strong>Servicios y estilo de vida:<\/strong> cerca de universidades, hospitales, supermercados y zonas de playa; perfecta combinaci\u00f3n entre confort y naturaleza (Cenotes, manglares, selva, parajes ex\u00f3ticos\u2026)<\/li>\n\n\n\n<li><strong>Entorno tur\u00edstico en expansi\u00f3n:<\/strong> el <strong>Tren Maya<\/strong> y los nuevos desarrollos costeros est\u00e1n potenciando la demanda en toda la regi\u00f3n<\/li>\n\n\n\n<li><strong>Alta calidad de vida:<\/strong> M\u00e9rida es reconocida por su seguridad, estabilidad econ\u00f3mica y oferta cultural<\/li>\n<\/ul>\n\n\n\n<p><strong>\u00bfSI LO QUE BUSCAS ES?&#8230;<\/strong><\/p>\n\n\n\n<ul class=\"wp-block-list\">\n<li><strong>Estabilidad en tus finanzas<\/strong><\/li>\n\n\n\n<li><strong>Proteger tu dinero de la inflaci\u00f3n de Espa\u00f1a<\/strong><\/li>\n\n\n\n<li><strong>Generar plusval\u00eda en el corto y mediano plazo<\/strong><\/li>\n\n\n\n<li><strong>Ser parte de un proyecto sostenible<\/strong><\/li>\n\n\n\n<li><strong>Invertir en un destino con alta demanda tur\u00edstica<\/strong><\/li>\n<\/ul>\n\n\n\n<p>\u2026<strong>definitivamente tenemos que hablar<\/strong><\/p>\n\n\n\n<figure class=\"wp-block-image\"><img decoding=\"async\" src=\"https:\/\/pepecabello.com\/wp-content\/uploads\/2025\/12\/Yucatan--1024x576.webp\" alt=\"\" class=\"wp-image-1057\"\/><\/figure>\n\n\n\n<blockquote class=\"wp-block-quote is-layout-flow wp-block-quote-is-layout-flow\">\n<p><a href=\"https:\/\/www.instagram.com\/diamondpropertyup\/\"><strong><em>AGENDA UN CAF\u00c9 VIRTUAL CON NOSOTROS<\/em><\/strong><\/a><\/p>\n<\/blockquote>\n\n\n\n<p><strong>\u00bfPOR QU\u00c9 PONER TU MIRADA EN YUCAT\u00c1N?<\/strong><\/p>\n\n\n\n<p>Yucat\u00e1n es la tierra de las playas bonitas, los cenotes (m\u00e1s de 12.000 en todo su territorio), las ruinas Mayas, la gastronom\u00eda Maya y un sinf\u00edn de bellezas que hacen \u00fanico a este estado del precioso pa\u00eds de M\u00e9xico.<\/p>\n\n\n\n<p><em><strong>La inflaci\u00f3n en Espa\u00f1a no da tregua, y cada d\u00eda que pasa, tu dinero vale menos<\/strong><\/em><\/p>\n\n\n\n<p><strong>\u00bfPOR QU\u00c9 PONER TU DINERO EN YUCAT\u00c1N?<\/strong><\/p>\n\n\n\n<ol class=\"wp-block-list\">\n<li>Acceso a zona de pleno crecimiento demogr\u00e1fico e industrial<\/li>\n\n\n\n<li>Yucat\u00e1n vive un auge inmobiliario impulsado por:\n<ol style=\"list-style-type:lower-alpha\" class=\"wp-block-list\">\n<li>Su seguridad (Es la segunda ciudad mas segura del continente americano, despu\u00e9s de Quebec -Canad\u00e1-)<\/li>\n\n\n\n<li>Su tranquilidad<\/li>\n\n\n\n<li>La llegada del Tren Maya, que conecta los 3 estados de la pen\u00ednsula: Quintana Roo, Campeche y Yucat\u00e1n.<\/li>\n\n\n\n<li>La llegada de una fuerte inversi\u00f3n extranjera<\/li>\n<\/ol>\n<\/li>\n\n\n\n<li>Versatilidad de uso: puedes invertir en una parcela con precio de fase de salida para venderla en 5 a\u00f1os <strong>y triplicar tu inversi\u00f3n<\/strong> o construir tu villa de lujo y alquilarla cuando no la uses, para generar ingresos pasivos<strong>.<\/strong><\/li>\n<\/ol>\n\n\n\n<p>Invertir en Yucat\u00e1n te ofrece:<\/p>\n\n\n\n<ul class=\"wp-block-list\">\n<li>Proteger tu dinero de la inflaci\u00f3n en Espa\u00f1a<\/li>\n\n\n\n<li>Beneficios fiscales: gracias al Tratado de Doble Imposici\u00f3n con Espa\u00f1a (los ingresos generados en M\u00e9xico (como alquileres vacacionales\u2026) NO PAGAN IMPUESTOS EN ESPA\u00d1A<\/li>\n<\/ul>\n\n\n\n<p>\u2705 Yucat\u00e1n es una de las regiones con mayor crecimiento inmobiliario de M\u00e9xico<br>\u2705 Tiene una de las plusval\u00edas inmobiliarias m\u00e1s altas del pa\u00eds<\/p>\n\n\n\n<figure class=\"wp-block-image alignright\"><img decoding=\"async\" src=\"https:\/\/pepecabello.com\/wp-content\/uploads\/2025\/12\/bacalar.jpg\" alt=\"\" class=\"wp-image-1054\"\/><\/figure>\n\n\n\n<blockquote class=\"wp-block-quote is-layout-flow wp-block-quote-is-layout-flow\">\n<p><a href=\"https:\/\/www.instagram.com\/diamondpropertyup\/\"><strong>AGENDA UN CAF\u00c9 VIRTUAL CON NOSOTROS<\/strong><\/a><\/p>\n<\/blockquote>\n\n\n\n<p><strong>\u00bfPOR QU\u00c9 PONER TU CONFIANZA EN NOSOTROS?<\/strong><\/p>\n\n\n\n<p>DIAMOND PROPERTY somos una agencia diferente en 3 cosas:<\/p>\n\n\n\n<ol class=\"wp-block-list\">\n<li>Somos espa\u00f1oles viviendo en Yucat\u00e1n<\/li>\n\n\n\n<li>Tenemos casi dos d\u00e9cadas de experiencia en el mercado inmobiliario espa\u00f1ol<\/li>\n\n\n\n<li>Tenemos acuerdos con las mejores y m\u00e1s seguras Desarrolladoras, Promotoras e Inmobiliarias de Yucat\u00e1n, esto hace que:\n<ol style=\"list-style-type:lower-alpha\" class=\"wp-block-list\">\n<li>Evaluemos la seguridad de tu compra o inversi\u00f3n<\/li>\n\n\n\n<li>Seleccionemos las mejores promociones para tu objetivo:\n<ol style=\"list-style-type:lower-roman\" class=\"wp-block-list\">\n<li>Vivir en Yucat\u00e1n<\/li>\n\n\n\n<li>Invertir tu dinero en Yucat\u00e1n<\/li>\n<\/ol>\n<\/li>\n\n\n\n<li>Hacer seguimiento real a la obra y a los procesos legales de la misma<\/li>\n<\/ol>\n<\/li>\n<\/ol>\n\n\n\n<p><strong>\u00bfQU\u00c9 TE OFRECEMOS M\u00c1S ALL\u00c1 DE LA CONFIANZA?<\/strong><\/p>\n\n\n\n<ul class=\"wp-block-list\">\n<li>Asesoramiento personalizado.<strong> Seguridad jur\u00eddica total:<\/strong> respaldo legal y acompa\u00f1amiento completo en todo el proceso\n<ul class=\"wp-block-list\">\n<li>Abogados en M\u00e9xico y en Espa\u00f1a<\/li>\n<\/ul>\n<\/li>\n\n\n\n<li>Acceso a la documentaci\u00f3n para su revisi\u00f3n<\/li>\n\n\n\n<li>Formalidad y compromiso\n<ul class=\"wp-block-list\">\n<li>Parte del equipo (mexicanos y espa\u00f1oles) nos encontramos viviendo en Yucat\u00e1n<\/li>\n\n\n\n<li>Seguimiento de las obras e informaci\u00f3n inmediata del desarrollo de las mismas mediante mails, fotos, video llamadas o lo que consideremos necesario para garantizar tu tranquilidad<\/li>\n<\/ul>\n<\/li>\n\n\n\n<li>Preparaci\u00f3n y acompa\u00f1amiento de la firma en Notar\u00eda<\/li>\n\n\n\n<li>Servicio post venta, en el caso de que el inmueble vaya a ser destinado a renta<\/li>\n<\/ul>\n\n\n\n<figure class=\"wp-block-image\"><img decoding=\"async\" src=\"https:\/\/pepecabello.com\/wp-content\/uploads\/2025\/12\/caption.jpg\" alt=\"\" class=\"wp-image-1055\"\/><\/figure>\n\n\n\n<p><strong>\u00bfTe gustar\u00eda invertir con una oferta especial para generar altas plusval\u00edas mientras proteges tu dinero de la inflaci\u00f3n de Espa\u00f1a?&nbsp;<\/strong><\/p>\n\n\n\n<blockquote class=\"wp-block-quote is-layout-flow wp-block-quote-is-layout-flow\">\n<p><a href=\"https:\/\/www.instagram.com\/diamondpropertyup\/\"><strong>AGENDA UN CAF\u00c9 VIRTUAL CON NOSOTROS<\/strong><\/a><\/p>\n<\/blockquote>\n\n\n\n<p><strong>ADEM\u00c1S:<\/strong><\/p>\n\n\n\n<ul class=\"wp-block-list\">\n<li>Te ofrecemos<strong> Estrategias para optimizar impuestos<\/strong>: Aumenta tus beneficios ajust\u00e1ndote a las normativas locales.<\/li>\n\n\n\n<li>Tendr\u00e1s<strong> Claridad total en obligaciones fiscales<\/strong>: Evita sorpresas costosas y mant\u00e9n todo en orden.<\/li>\n\n\n\n<li>Y por supuesto, disfrutar\u00e1s de una<strong> Tranquilidad absoluta<\/strong>: Conoce los pasos exactos para maximizar tu rentabilidad sin complicaciones.<\/li>\n<\/ul>\n\n\n\n<p><strong>A solo minutos de la playa:<\/strong> Perfecto para quienes buscan un lugar a pasos del mar, como los miles de turistas que llegan cada a\u00f1o buscando sol, calor y aguas turquesas.<\/p>\n\n\n\n<p><strong>Excelente conexi\u00f3n:<\/strong> Los aeropuertos internacionales de M\u00e9rida y Canc\u00fan tienen vuelos a las principales ciudades de Espa\u00f1a, Estados Unidos y otros destinos.<\/p>\n\n\n\n<p><strong>Cercan\u00eda a M\u00e9rida:<\/strong> Una ciudad con mucha cultura, centros comerciales e infraestructura moderna que atrae tanto a turistas como a residentes.<\/p>\n\n\n\n<p><strong>Cerca de las maravillas de Yucat\u00e1n:<\/strong> A pocos kil\u00f3metros de los puntos tur\u00edsticos m\u00e1s importantes como Chich\u00e9n Itz\u00e1 y Uxmal\u2026<\/p>\n\n\n\n<figure class=\"wp-block-image aligncenter\"><img decoding=\"async\" src=\"https:\/\/pepecabello.com\/wp-content\/uploads\/2025\/12\/que-ver-peninsula-yucatan-1024x466.jpg\" alt=\"\" class=\"wp-image-1056\"\/><\/figure>\n\n\n\n<p><strong>AGENDA UN CAF\u00c9 VIRTUAL CON NOSOTROS<\/strong><\/p>\n\n\n\n<figure class=\"wp-block-image\"><img decoding=\"async\" src=\"https:\/\/pepecabello.com\/wp-content\/uploads\/2025\/12\/Captura-de-pantalla-2025-11-27-183434.png\" alt=\"\" class=\"wp-image-1058\"\/><\/figure>\n","protected":false},"excerpt":{"rendered":"<p>YUCAT\u00c1N\u2026 UNA JOYA POR DESCRUBRIR \u00bfTe imaginas haber estado preparado\/a a principios de los 2000 en Espa\u00f1a y saber c\u00f3mo [&hellip;]<\/p>\n","protected":false},"author":1,"featured_media":0,"parent":0,"menu_order":0,"comment_status":"closed","ping_status":"closed","template":"","meta":{"site-sidebar-layout":"default","site-content-layout":"","ast-site-content-layout":"default","site-content-style":"default","site-sidebar-style":"default","ast-global-header-display":"","ast-banner-title-visibility":"","ast-main-header-display":"","ast-hfb-above-header-display":"","ast-hfb-below-header-display":"","ast-hfb-mobile-header-display":"","site-post-title":"","ast-breadcrumbs-content":"","ast-featured-img":"","footer-sml-layout":"","ast-disable-related-posts":"","theme-transparent-header-meta":"","adv-header-id-meta":"","stick-header-meta":"","header-above-stick-meta":"","header-main-stick-meta":"","header-below-stick-meta":"","astra-migrate-meta-layouts":"default","ast-page-background-enabled":"default","ast-page-background-meta":{"desktop":{"background-color":"var(--ast-global-color-5)","background-image":"","background-repeat":"repeat","background-position":"center center","background-size":"auto","background-attachment":"scroll","background-type":"","background-media":"","overlay-type":"","overlay-color":"","overlay-opacity":"","overlay-gradient":""},"tablet":{"background-color":"","background-image":"","background-repeat":"repeat","background-position":"center center","background-size":"auto","background-attachment":"scroll","background-type":"","background-media":"","overlay-type":"","overlay-color":"","overlay-opacity":"","overlay-gradient":""},"mobile":{"background-color":"","background-image":"","background-repeat":"repeat","background-position":"center center","background-size":"auto","background-attachment":"scroll","background-type":"","background-media":"","overlay-type":"","overlay-color":"","overlay-opacity":"","overlay-gradient":""}},"ast-content-background-meta":{"desktop":{"background-color":"var(--ast-global-color-4)","background-image":"","background-repeat":"repeat","background-position":"center center","background-size":"auto","background-attachment":"scroll","background-type":"","background-media":"","overlay-type":"","overlay-color":"","overlay-opacity":"","overlay-gradient":""},"tablet":{"background-color":"var(--ast-global-color-4)","background-image":"","background-repeat":"repeat","background-position":"center center","background-size":"auto","background-attachment":"scroll","background-type":"","background-media":"","overlay-type":"","overlay-color":"","overlay-opacity":"","overlay-gradient":""},"mobile":{"background-color":"var(--ast-global-color-4)","background-image":"","background-repeat":"repeat","background-position":"center center","background-size":"auto","background-attachment":"scroll","background-type":"","background-media":"","overlay-type":"","overlay-color":"","overlay-opacity":"","overlay-gradient":""}},"footnotes":""},"class_list":["post-12","page","type-page","status-publish","hentry"],"yoast_head":"<!-- This site is optimized with the Yoast SEO plugin v26.9 - https:\/\/yoast.com\/product\/yoast-seo-wordpress\/ -->\n<title>Invierte en YUCATAN - Diamond Property<\/title>\n<meta name=\"robots\" content=\"index, follow, max-snippet:-1, max-image-preview:large, max-video-preview:-1\" \/>\n<link rel=\"canonical\" href=\"https:\/\/diamondproperty.es\/index.php\/diamond-property\/\" \/>\n<meta property=\"og:locale\" content=\"es_ES\" \/>\n<meta property=\"og:type\" content=\"article\" \/>\n<meta property=\"og:title\" content=\"Invierte en YUCATAN - Diamond Property\" \/>\n<meta property=\"og:description\" content=\"YUCAT\u00c1N\u2026 UNA JOYA POR DESCRUBRIR \u00bfTe imaginas haber estado preparado\/a a principios de los 2000 en Espa\u00f1a y saber c\u00f3mo [&hellip;]\" \/>\n<meta property=\"og:url\" content=\"https:\/\/diamondproperty.es\/index.php\/diamond-property\/\" \/>\n<meta property=\"og:site_name\" content=\"Diamond Property\" \/>\n<meta property=\"article:modified_time\" content=\"2026-02-17T19:56:39+00:00\" \/>\n<meta name=\"twitter:card\" content=\"summary_large_image\" \/>\n<meta name=\"twitter:label1\" content=\"Tiempo de lectura\" \/>\n\t<meta name=\"twitter:data1\" content=\"6 minutos\" \/>\n<script type=\"application\/ld+json\" class=\"yoast-schema-graph\">{\"@context\":\"https:\/\/schema.org\",\"@graph\":[{\"@type\":\"WebPage\",\"@id\":\"https:\/\/diamondproperty.es\/index.php\/diamond-property\/\",\"url\":\"https:\/\/diamondproperty.es\/index.php\/diamond-property\/\",\"name\":\"Invierte en YUCATAN - Diamond Property\",\"isPartOf\":{\"@id\":\"https:\/\/diamondproperty.es\/#website\"},\"primaryImageOfPage\":{\"@id\":\"https:\/\/diamondproperty.es\/index.php\/diamond-property\/#primaryimage\"},\"image\":{\"@id\":\"https:\/\/diamondproperty.es\/index.php\/diamond-property\/#primaryimage\"},\"thumbnailUrl\":\"https:\/\/pepecabello.com\/wp-content\/uploads\/2025\/12\/yucatan-gana-como-la-mejor-secretaria-de-turismo-del-2022-1024x614.jpg\",\"datePublished\":\"2026-02-17T19:16:02+00:00\",\"dateModified\":\"2026-02-17T19:56:39+00:00\",\"breadcrumb\":{\"@id\":\"https:\/\/diamondproperty.es\/index.php\/diamond-property\/#breadcrumb\"},\"inLanguage\":\"es\",\"potentialAction\":[{\"@type\":\"ReadAction\",\"target\":[\"https:\/\/diamondproperty.es\/index.php\/diamond-property\/\"]}]},{\"@type\":\"ImageObject\",\"inLanguage\":\"es\",\"@id\":\"https:\/\/diamondproperty.es\/index.php\/diamond-property\/#primaryimage\",\"url\":\"https:\/\/pepecabello.com\/wp-content\/uploads\/2025\/12\/yucatan-gana-como-la-mejor-secretaria-de-turismo-del-2022-1024x614.jpg\",\"contentUrl\":\"https:\/\/pepecabello.com\/wp-content\/uploads\/2025\/12\/yucatan-gana-como-la-mejor-secretaria-de-turismo-del-2022-1024x614.jpg\"},{\"@type\":\"BreadcrumbList\",\"@id\":\"https:\/\/diamondproperty.es\/index.php\/diamond-property\/#breadcrumb\",\"itemListElement\":[{\"@type\":\"ListItem\",\"position\":1,\"name\":\"Portada\",\"item\":\"https:\/\/diamondproperty.es\/\"},{\"@type\":\"ListItem\",\"position\":2,\"name\":\"Invierte en YUCATAN\"}]},{\"@type\":\"WebSite\",\"@id\":\"https:\/\/diamondproperty.es\/#website\",\"url\":\"https:\/\/diamondproperty.es\/\",\"name\":\"Diamond Property\",\"description\":\"\",\"potentialAction\":[{\"@type\":\"SearchAction\",\"target\":{\"@type\":\"EntryPoint\",\"urlTemplate\":\"https:\/\/diamondproperty.es\/?s={search_term_string}\"},\"query-input\":{\"@type\":\"PropertyValueSpecification\",\"valueRequired\":true,\"valueName\":\"search_term_string\"}}],\"inLanguage\":\"es\"}]}<\/script>\n<!-- \/ Yoast SEO plugin. -->","yoast_head_json":{"title":"Invierte en YUCATAN - Diamond Property","robots":{"index":"index","follow":"follow","max-snippet":"max-snippet:-1","max-image-preview":"max-image-preview:large","max-video-preview":"max-video-preview:-1"},"canonical":"https:\/\/diamondproperty.es\/index.php\/diamond-property\/","og_locale":"es_ES","og_type":"article","og_title":"Invierte en YUCATAN - Diamond Property","og_description":"YUCAT\u00c1N\u2026 UNA JOYA POR DESCRUBRIR \u00bfTe imaginas haber estado preparado\/a a principios de los 2000 en Espa\u00f1a y saber c\u00f3mo [&hellip;]","og_url":"https:\/\/diamondproperty.es\/index.php\/diamond-property\/","og_site_name":"Diamond Property","article_modified_time":"2026-02-17T19:56:39+00:00","twitter_card":"summary_large_image","twitter_misc":{"Tiempo de lectura":"6 minutos"},"schema":{"@context":"https:\/\/schema.org","@graph":[{"@type":"WebPage","@id":"https:\/\/diamondproperty.es\/index.php\/diamond-property\/","url":"https:\/\/diamondproperty.es\/index.php\/diamond-property\/","name":"Invierte en YUCATAN - Diamond Property","isPartOf":{"@id":"https:\/\/diamondproperty.es\/#website"},"primaryImageOfPage":{"@id":"https:\/\/diamondproperty.es\/index.php\/diamond-property\/#primaryimage"},"image":{"@id":"https:\/\/diamondproperty.es\/index.php\/diamond-property\/#primaryimage"},"thumbnailUrl":"https:\/\/pepecabello.com\/wp-content\/uploads\/2025\/12\/yucatan-gana-como-la-mejor-secretaria-de-turismo-del-2022-1024x614.jpg","datePublished":"2026-02-17T19:16:02+00:00","dateModified":"2026-02-17T19:56:39+00:00","breadcrumb":{"@id":"https:\/\/diamondproperty.es\/index.php\/diamond-property\/#breadcrumb"},"inLanguage":"es","potentialAction":[{"@type":"ReadAction","target":["https:\/\/diamondproperty.es\/index.php\/diamond-property\/"]}]},{"@type":"ImageObject","inLanguage":"es","@id":"https:\/\/diamondproperty.es\/index.php\/diamond-property\/#primaryimage","url":"https:\/\/pepecabello.com\/wp-content\/uploads\/2025\/12\/yucatan-gana-como-la-mejor-secretaria-de-turismo-del-2022-1024x614.jpg","contentUrl":"https:\/\/pepecabello.com\/wp-content\/uploads\/2025\/12\/yucatan-gana-como-la-mejor-secretaria-de-turismo-del-2022-1024x614.jpg"},{"@type":"BreadcrumbList","@id":"https:\/\/diamondproperty.es\/index.php\/diamond-property\/#breadcrumb","itemListElement":[{"@type":"ListItem","position":1,"name":"Portada","item":"https:\/\/diamondproperty.es\/"},{"@type":"ListItem","position":2,"name":"Invierte en YUCATAN"}]},{"@type":"WebSite","@id":"https:\/\/diamondproperty.es\/#website","url":"https:\/\/diamondproperty.es\/","name":"Diamond Property","description":"","potentialAction":[{"@type":"SearchAction","target":{"@type":"EntryPoint","urlTemplate":"https:\/\/diamondproperty.es\/?s={search_term_string}"},"query-input":{"@type":"PropertyValueSpecification","valueRequired":true,"valueName":"search_term_string"}}],"inLanguage":"es"}]}},"_links":{"self":[{"href":"https:\/\/diamondproperty.es\/index.php\/wp-json\/wp\/v2\/pages\/12","targetHints":{"allow":["GET"]}}],"collection":[{"href":"https:\/\/diamondproperty.es\/index.php\/wp-json\/wp\/v2\/pages"}],"about":[{"href":"https:\/\/diamondproperty.es\/index.php\/wp-json\/wp\/v2\/types\/page"}],"author":[{"embeddable":true,"href":"https:\/\/diamondproperty.es\/index.php\/wp-json\/wp\/v2\/users\/1"}],"replies":[{"embeddable":true,"href":"https:\/\/diamondproperty.es\/index.php\/wp-json\/wp\/v2\/comments?post=12"}],"version-history":[{"count":2,"href":"https:\/\/diamondproperty.es\/index.php\/wp-json\/wp\/v2\/pages\/12\/revisions"}],"predecessor-version":[{"id":30,"href":"https:\/\/diamondproperty.es\/index.php\/wp-json\/wp\/v2\/pages\/12\/revisions\/30"}],"wp:attachment":[{"href":"https:\/\/diamondproperty.es\/index.php\/wp-json\/wp\/v2\/media?parent=12"}],"curies":[{"name":"wp","href":"https:\/\/api.w.org\/{rel}","templated":true}]}}